{"id":6,"date":"2011-11-01T19:59:39","date_gmt":"2011-11-01T18:59:39","guid":{"rendered":"http:\/\/www.ldanse.fr\/?page_id=6"},"modified":"2022-09-26T20:09:27","modified_gmt":"2022-09-26T19:09:27","slug":"cours","status":"publish","type":"page","link":"https:\/\/www.ldanse.fr\/?page_id=6","title":{"rendered":"Horaires des cours de Modern&#8217;jazz, Pil\u00e2tes et Zumba"},"content":{"rendered":"<ul>\n<li><strong><span style=\"font-family: BrushScrD,cursive;\"><span style=\"font-size: large;\"><span style=\"text-decoration: underline;\">Eveil \u00e0 la danse<\/span><\/span><\/span><\/strong><br \/>\n<strong> Les cours durent une heure pour les enfants de 4 \u00e0\u00a06 ans. Il s&#8217;agit un cours d&#8217;\u00e9veil corporel, de rep\u00e9rage de l&#8217;espace et de la musique.\u00a0<\/strong><\/li>\n<li>Le samedi de 10h30 \u00e0 11h30 pour les enfants de 5 ans (GS)<\/li>\n<li>Le samedi de 11h30 \u00e0 12h30 pour les enfants de 4 ans (MS)<\/li>\n<\/ul>\n<ul>\n<li>\n<p align=\"justify\"><strong><span style=\"font-family: BrushScrD,cursive;\"><span style=\"font-size: large;\"><span style=\"text-decoration: underline;\">Modern\u2019 jazz<\/span><\/span><\/span><\/strong><br \/>\n<strong> Les cours durent de\u00a01H00 \u00e0 1H30 selon l\u2019age ou le niveau.Cette formation s\u2019adresse aux enfants \u00e0 partir de 6 ans, aux adolescents et aux adultes, des d\u00e9butants aux confirm\u00e9s.<\/strong><\/p>\n<\/li>\n<li>Le mercredi de 14h30 \u00e0 15h30 pour les enfants de 6 ans ( CP)<\/li>\n<li>Le mercredi de 15h30 \u00e0 16h45 pour les enfants de 7 &#8211; 8 ans.<\/li>\n<li>Le mercredi de 17h00 \u00e0 18h30 pour les enfants de 9 &#8211; 10 &#8211; 11 ans.<\/li>\n<li>Le mardi de 18h00 \u00e0 19h30 pour les ados.<\/li>\n<\/ul>\n<p>Le mardi de 20h30 \u00e0 21h30 cours Adultes.<\/p>\n<p><strong>\u00a0 COTISATIONS<\/strong> :<\/p>\n<p>1h00 de cours 135 Euros \u00a0 \u00a0 \u00a0 \u00a0 \u00a0 \u00a0 \u00a0 \u00a0 \u00a0 \u00a0 \u00a0 \u00a0 \u00a0 \u00a0 \u00a0 \u00a0 \u00a0 \u00a0 \u00a0 \u00a0 \u00a0 \u00a0 \u00a0 \u00a0 \u00a0 \u00a0 \u00a0 \u00a0 \u00a0 \u00a0 \u00a0 \u00a0 \u00a0 \u00a0 \u00a0 \u00a0 \u00a0 \u00a0 \u00a0 \u00a0 \u00a0 \u00a0 \u00a0 \u00a0 \u00a0 \u00a0 \u00a0 \u00a0 \u00a0 \u00a0\u00a01h15 de cours 155 Euros \u00a0 \u00a0 \u00a0 \u00a0 \u00a0 \u00a0 \u00a0 \u00a0 \u00a0 \u00a0 \u00a0 \u00a0 \u00a0 \u00a0 \u00a0 \u00a0 \u00a0 \u00a0 \u00a0 \u00a0 \u00a0 \u00a0 \u00a0 \u00a0 \u00a0 \u00a0 \u00a0 \u00a0 \u00a0 \u00a0 \u00a0 \u00a0 \u00a0 \u00a0 \u00a0 \u00a0 \u00a0 \u00a0 \u00a0 \u00a0 \u00a0 \u00a0 \u00a0 \u00a0 \u00a0 \u00a0 \u00a0 \u00a0 \u00a0 \u00a0 1h30 de cours 170 Euros \u00a0 \u00a0 \u00a0 \u00a0 \u00a0 \u00a0 \u00a0 \u00a0 \u00a0 \u00a0 \u00a0 \u00a0 \u00a0 \u00a0 \u00a0 \u00a0 \u00a0 \u00a0 \u00a0 \u00a0 \u00a0 \u00a0 \u00a0 \u00a0 \u00a0 \u00a0 \u00a0 \u00a0 \u00a0 \u00a0 \u00a0 \u00a0 \u00a0 \u00a0 \u00a0 \u00a0 \u00a0 \u00a0 \u00a0 \u00a0 \u00a0 \u00a0 \u00a0 \u00a0 \u00a0<strong>ADH\u00c9SION<\/strong> : 10 Euros pour les r\u00e9sidents de Loperhet et 20 Euros pour les\u00a0 \u00a0 \u00a0ext\u00e9rieurs.<\/p>\n<p><a href=\"http:\/\/www.ldanse.fr\/wp-content\/uploads\/2011\/11\/gala_06_2.jpg\"><img loading=\"lazy\" decoding=\"async\" class=\"alignnone size-medium wp-image-88\" title=\"gala_06_2\" src=\"http:\/\/www.ldanse.fr\/wp-content\/uploads\/2011\/11\/gala_06_2-300x104.jpg\" alt=\"\" width=\"300\" height=\"104\" srcset=\"https:\/\/www.ldanse.fr\/wp-content\/uploads\/2011\/11\/gala_06_2-300x104.jpg 300w, https:\/\/www.ldanse.fr\/wp-content\/uploads\/2011\/11\/gala_06_2.jpg 345w\" sizes=\"(max-width: 300px) 100vw, 300px\" \/><\/a><\/p>\n<p align=\"justify\"><a href=\"http:\/\/www.ldanse.fr\/wp-content\/uploads\/2011\/11\/Gala_1.jpg\"><img loading=\"lazy\" decoding=\"async\" class=\"alignnone size-full wp-image-89\" title=\"Gala_1\" src=\"http:\/\/www.ldanse.fr\/wp-content\/uploads\/2011\/11\/Gala_1.jpg\" alt=\"\" width=\"143\" height=\"190\" \/>\u00a0\u00a0\u00a0<\/a><\/p>\n<p align=\"justify\"><strong>\u00a0<\/strong><\/p>\n<p align=\"justify\"><strong>Cours de Pil\u00e2tes avec H\u00e9l\u00e8ne Le Page : <\/strong>cotisation 135 Euros plus l&#8217;adh\u00e9sion<\/p>\n<p align=\"justify\">\u00a0\u2022 Le mardi de 19h30 \u00e0 20h30.<\/p>\n<p align=\"justify\">\u2022 Le mercredi de 18h30 \u00e0 19h30.<\/p>\n<p align=\"justify\">\u2022 Le mercredi de 19h30 \u00e0 20h30.<\/p>\n<p align=\"justify\">\u2022 Le samedi de 9h30 \u00e0 10h30.<\/p>\n<p align=\"justify\"><strong>Cours de Zumba avec C\u00e9line Le Floch.\u00a0<\/strong><\/p>\n<ul>\n<li>Le lundi de 19h \u00e0 20h<\/li>\n<li>Le jeudi de 19h \u00e0 20h<\/li>\n<\/ul>\n<p>Cotisation annuelle 100\u20ac pour un cours par semaine, 180\u20ac pour 2 cours par semaine plus l&#8217;adh\u00e9sion \u00e0 l&#8217;association.<\/p>\n<p align=\"justify\">\n","protected":false},"excerpt":{"rendered":"<p>Eveil \u00e0 la danse Les cours durent une heure pour les enfants de 4 \u00e0\u00a06 ans. Il s&#8217;agit un cours d&#8217;\u00e9veil corporel, de rep\u00e9rage de l&#8217;espace et de la musique.\u00a0 Le samedi de 10h30 \u00e0 11h30 pour les enfants de &hellip; <a href=\"https:\/\/www.ldanse.fr\/?page_id=6\">Continuer la lecture <span class=\"meta-nav\">&rarr;<\/span><\/a><\/p>\n","protected":false},"author":3,"featured_media":0,"parent":0,"menu_order":0,"comment_status":"open","ping_status":"closed","template":"","meta":{"footnotes":""},"class_list":["post-6","page","type-page","status-publish","hentry"],"_links":{"self":[{"href":"https:\/\/www.ldanse.fr\/index.php?rest_route=\/wp\/v2\/pages\/6"}],"collection":[{"href":"https:\/\/www.ldanse.fr\/index.php?rest_route=\/wp\/v2\/pages"}],"about":[{"href":"https:\/\/www.ldanse.fr\/index.php?rest_route=\/wp\/v2\/types\/page"}],"author":[{"embeddable":true,"href":"https:\/\/www.ldanse.fr\/index.php?rest_route=\/wp\/v2\/users\/3"}],"replies":[{"embeddable":true,"href":"https:\/\/www.ldanse.fr\/index.php?rest_route=%2Fwp%2Fv2%2Fcomments&post=6"}],"version-history":[{"count":24,"href":"https:\/\/www.ldanse.fr\/index.php?rest_route=\/wp\/v2\/pages\/6\/revisions"}],"predecessor-version":[{"id":1092,"href":"https:\/\/www.ldanse.fr\/index.php?rest_route=\/wp\/v2\/pages\/6\/revisions\/1092"}],"wp:attachment":[{"href":"https:\/\/www.ldanse.fr\/index.php?rest_route=%2Fwp%2Fv2%2Fmedia&parent=6"}],"curies":[{"name":"wp","href":"https:\/\/api.w.org\/{rel}","templated":true}]}}