{"id":13,"date":"2011-11-03T19:30:53","date_gmt":"2011-11-03T19:30:53","guid":{"rendered":"http:\/\/www.ldanse.fr\/?page_id=13"},"modified":"2015-08-27T13:04:04","modified_gmt":"2015-08-27T12:04:04","slug":"profs","status":"publish","type":"page","link":"https:\/\/www.ldanse.fr\/?page_id=13","title":{"rendered":"Professeur  Modern&#8217;jazz  &#038; instructeurs Pilates &#8211; Zumba"},"content":{"rendered":"<div style=\"text-align: left;\"><big><big>H\u00e9l\u00e8ne LE PAGE\u00a0 ( diplom\u00e9e d&#8217;\u00e9tat )<\/big><\/big><\/div>\n<div style=\"text-align: left;\"><em><big><big>Depuis 25 ans au sein de l&#8217;association. Elle suit r\u00e9gulierement des stages de remise \u00e0 niveau.<\/big><\/big><\/em><\/div>\n<div style=\"text-align: left;\"><em><big><big>Donne des cours d&#8217;\u00e9veil \u00e0 la danse pour les enfants de 4 \u00e0 6 ans et de modern&#8217;jazz pour les autres groupes. <\/big><\/big><\/em><\/div>\n<div style=\"text-align: left;\"><em><big><big>Propose des cours de perfectionnement chor\u00e9graphique afin de pr\u00e9senter des groupes pour des rencontres ext\u00e9rieures. Ces groupes sont affili\u00e9s \u00e0 la ffd ( f\u00e9d\u00e9ration fran\u00e7aise de danse ). Elle est depuis le d\u00e9but de\u00a0l\u2019ann\u00e9e\u00a0instructeur Pilates et est diplom\u00e9e pour donner des cours.<\/big><\/big><\/em><\/div>\n<div style=\"text-align: left;\"><\/div>\n<div style=\"text-align: left;\"><\/div>\n<div style=\"text-align: left;\"><\/div>\n<div style=\"text-align: left;\"><strong>FR\u00c9D\u00c9RIQUE CASTRO \u00a0INSTRUCTEUR DE ZUMBA<\/strong><\/div>\n<div style=\"text-align: left;\"><\/div>\n<div style=\"text-align: left;\"><strong>Quatrieme \u00a0ann\u00e9e chez nous et elle fait un carton. Ses cours sont super\u00a0dynamiques et son\u00a0\u00e9nergie\u00a0est contagieuse.\u00a0<\/strong><\/div>\n<div style=\"text-align: left;\"><\/div>\n","protected":false},"excerpt":{"rendered":"<p>H\u00e9l\u00e8ne LE PAGE\u00a0 ( diplom\u00e9e d&#8217;\u00e9tat ) Depuis 25 ans au sein de l&#8217;association. Elle suit r\u00e9gulierement des stages de remise \u00e0 niveau. Donne des cours d&#8217;\u00e9veil \u00e0 la danse pour les enfants de 4 \u00e0 6 ans et de &hellip; <a href=\"https:\/\/www.ldanse.fr\/?page_id=13\">Continuer la lecture <span class=\"meta-nav\">&rarr;<\/span><\/a><\/p>\n","protected":false},"author":1,"featured_media":0,"parent":0,"menu_order":0,"comment_status":"open","ping_status":"open","template":"","meta":{"footnotes":""},"class_list":["post-13","page","type-page","status-publish","hentry"],"_links":{"self":[{"href":"https:\/\/www.ldanse.fr\/index.php?rest_route=\/wp\/v2\/pages\/13"}],"collection":[{"href":"https:\/\/www.ldanse.fr\/index.php?rest_route=\/wp\/v2\/pages"}],"about":[{"href":"https:\/\/www.ldanse.fr\/index.php?rest_route=\/wp\/v2\/types\/page"}],"author":[{"embeddable":true,"href":"https:\/\/www.ldanse.fr\/index.php?rest_route=\/wp\/v2\/users\/1"}],"replies":[{"embeddable":true,"href":"https:\/\/www.ldanse.fr\/index.php?rest_route=%2Fwp%2Fv2%2Fcomments&post=13"}],"version-history":[{"count":15,"href":"https:\/\/www.ldanse.fr\/index.php?rest_route=\/wp\/v2\/pages\/13\/revisions"}],"predecessor-version":[{"id":460,"href":"https:\/\/www.ldanse.fr\/index.php?rest_route=\/wp\/v2\/pages\/13\/revisions\/460"}],"wp:attachment":[{"href":"https:\/\/www.ldanse.fr\/index.php?rest_route=%2Fwp%2Fv2%2Fmedia&parent=13"}],"curies":[{"name":"wp","href":"https:\/\/api.w.org\/{rel}","templated":true}]}}